 l = 101 + -16. What are the prime factors of l?
5, 17
Suppose y + 14 = -n, -5*n + 3*n = 3*y + 32. Let x = -6 - n. Suppose -18 = -w - 4*p, -x*w + 4*p = -0*w + 8. What are the prime factors of w?
2
Let a(c) = -2*c - 6 - 1 + 23 + 3*c. Let j = 7 + -14. List the prime factors of a(j).
3
Let o(l) = -l**3 - 14*l**2 + 16*l + 21. Let u be o(-15). Let b be ((-2)/2)/((-2)/18). Let n = u + b. What are the prime factors of n?
3, 5
Suppose -5*l - 5 = -10*l, -4*d = 4*l - 104. What are the prime factors of d?
5
Let z be -2*(9/(-2) - -2). Suppose -z*d + 52 = -d. List the prime factors of d.
13
Let u(j) = 66*j**2 - j + 1. What are the prime factors of u(-1)?
2, 17
Let t(n) = 10*n**2 - n + 2. Let k be t(2). Suppose -4*z = z - k. List the prime factors of z.
2
Suppose -4*i + 11 = -9. Let l = i - 3. List the prime factors of l.
2
Let x(q) = -4*q**2 - 2*q**2 - 9 + 5*q**2 - 10*q. Let d = -6 + -2. List the prime factors of x(d).
7
What are the prime factors of (1 - 1) + 221 - (25 - 24)?
2, 5, 11
Let s = 8 + -4. Suppose s*d - 17 = -3*m, 5*m - 3 = -2*d + 16. List the prime factors of d.
2
What are the prime factors of (-7 + -38)/(1 + -2)?
3, 5
Let v be (1/(-2)*0)/2. Suppose -5*z + 4 + 6 = 0. Suppose 3*s - 16 = -z*w - v*s, 2*w = 2*s + 26. What are the prime factors of w?
11
Suppose -4*c + 30 = -2*a, -2*c + 19 = c + 2*a. List the prime factors of c.
7
Suppose 0 = 4*c - 44 - 48. What are the prime factors of c?
23
Let r(i) = i**2 + 11*i - 5. What are the prime factors of r(-13)?
3, 7
Suppose 3*j + 3*u = -u + 80, -5*j = u - 156. Let l = j + -23. List the prime factors of (l/(-3))/3 - -10.
3
Let g be ((2 + -2)/2)/2. Let n be 4 + 5 + g/(-2). Suppose -h = 3*c - n - 53, 3 = -3*h. What are the prime factors of c?
3, 7
Suppose 0 = 2*x + 2*z + 32, 3*x + 38 = 4*z + 11. Let i be (-3 - -2)*(2 - 2). Let h = i - x. List the prime factors of h.
13
Let i(m) = -4*m**2 + 2 + 0*m + 5 + 3 - 2*m. Let c(j) = -j**2 - j + 3. Let x(t) = 7*c(t) - 2*i(t). List the prime factors of x(4).
5
Let h(l) = 14*l + 4. What are the prime factors of h(2)?
2
Let w(h) = h + 12. Let u be w(-9). Let c = 8 - u. Suppose 0 + 16 = 2*r + 4*k, -3*k + 19 = c*r. What are the prime factors of r?
2
Let s(v) = -3*v - 5. Let d be s(-4). Suppose -140 = 2*k - d*k. Suppose -2*z + 0*h = -2*h - 22, -2*z = -5*h - k. What are the prime factors of z?
3
Suppose -h = -5*y + 3*h + 97, 0 = -4*y + 4*h + 80. Let w = y + 1. What are the prime factors of w?
2, 3
Let j = -218 + 406. What are the prime factors of j?
2, 47
Let y be (-4)/(-5)*40/4. Let b = -8 + y. Suppose 3*m - m - 36 = b. What are the prime factors of m?
2, 3
Suppose 18 - 103 = -5*l. List the prime factors of l.
17
Let h = 198 - 90. What are the prime factors of h/(-48)*(-8)/3?
2, 3
Let r(c) be the first derivative of -c**4/4 - 8*c**3/3 + 4*c**2 + 4*c + 2. What are the prime factors of r(-9)?
13
Let g = 3 - 0. List the prime factors of 4 - (-2*3)/g.
2, 3
Suppose 4*n + 3*z - 5 = 4, -3*z = -3*n + 33. Let h = -3 + n. List the prime factors of h.
3
Let m(c) = -c**3 - 18*c**2 - 15*c + 36. List the prime factors of m(-17).
2
Suppose -2*i + 12 - 4 = 0. Suppose 5*u + y - 420 = -4*y, y = 4. Suppose 2*r - i*z + 5 = 19, 5*r - u = -5*z. What are the prime factors of r?
13
Let b(q) = -3*q - 3. Let l be b(-5). Suppose -2 = -2*p - l. Let n = 19 + p. List the prime factors of n.
2, 7
Let w(s) be the first derivative of -1/2*s**2 + 6*s - 2. What are the prime factors of w(-5)?
11
Suppose -2*r - c = -3, 51 = 4*r - 5*c + 10. Suppose 0 = -3*v + 71 + 205. Suppose -r*j + v = 36. List the prime factors of j.
2, 7
Let m(u) = -6*u - 3. Let c be m(5). Let d = c - -53. List the prime factors of d/3*(-15)/(-10).
2, 5
Suppose 70 + 50 = 4*t. What are the prime factors of 5/1*174/t?
29
What are the prime factors of 256/(-5*(-2)/10)?
2
Suppose 0 = d + 3*a - 241, -2*a - 3*a = -5*d + 1125. List the prime factors of d.
229
Suppose -4*m + 3 - 19 = 0. Let y be ((-6)/(-4))/((-3)/m). Suppose -4 = -2*u + y*s + 10, -4*u + 34 = 2*s. List the prime factors of u.
2
Let b be (12/(-15))/((-1)/5). Suppose b*s = -0*s. Suppose s = 5*t + 3*w - 32 - 14, 5*t - 2*w = 61. List the prime factors of t.
11
Suppose -3*j - 4 = -5*i + 8, 0 = 2*i + 2*j + 8. Suppose -f + 4*f - 38 = 5*v, -4*f + 5*v + 54 = i. What are the prime factors of f?
2
Let b(j) = 0*j + 2*j**2 + 0*j + 0*j + j. List the prime factors of b(-2).
2, 3
Let u = 58 + -15. List the prime factors of u.
43
Let j(y) = -y + 9. List the prime factors of j(-6).
3, 5
Let o(b) = 2*b**2 + 6*b + 1. Let z = 3 + -7. List the prime factors of o(z).
3
Suppose 3*l + 8 = -4*d - 3, -3*d = 4*l + 3. Suppose -12 = -3*i + l. Suppose 0 = -3*q - i*g + 31, -2*q + 2*g = -2 - 8. What are the prime factors of q?
7
What are the prime factors of (31/3)/(4*(-10)/(-1080))?
3, 31
Let w(v) = v**2 + 9*v - 1. What are the prime factors of w(-10)?
3
Let s be (26 - 2)*4/3. List the prime factors of s/6 + 4/(-12).
5
Let x be -5*25 + 3/3. Let y = -87 - x. Suppose 3*t - y = 5*j - j, 4*t = 3*j + 40. What are the prime factors of t?
7
Suppose 4*g - 480 = 5*a - 15, 0 = -g + a + 116. List the prime factors of g.
5, 23
List the prime factors of (300/6)/((-15)/(-6) + -2).
2, 5
Suppose -g - 3 = -2*g. Suppose 3*m = 12, g*z - 2*m = 2*m + 47. Let o = -11 + z. What are the prime factors of o?
2, 5
Let g = 13 - 6. List the prime factors of g.
7
Suppose -6 = -s + 17. List the prime factors of s.
23
Let z(o) = -5 - o - o**2 - o**3 - o**2 - 6*o**2. Let s be z(-8). Suppose 5*h - 8 = w, -6*w - s*h + 23 = -4*w. What are the prime factors of w?
7
Let m = -15 - -23. Suppose 0*f = 4*f + m. What are the prime factors of ((-5)/2)/(f/12)?
3, 5
Suppose -4*z - 4*l = -52, -z - 3*l = -3*z + 21. List the prime factors of z - (-3)/(-1)*-1.
3, 5
Let p(y) = 1 - 2 - y - 2 - 6. Let z be p(0). List the prime factors of 6/z - (-29)/3.
3
Let i(r) = -r**2 + 4*r + 4. Suppose 12 = w + 2*w. What are the prime factors of i(w)?
2
Let t be (-4)/(-2)*(-6)/(-4). Let g(v) = -v**3 + 4*v**2 + 2. What are the prime factors of g(t)?
11
Suppose 5*p = 51 - 6. Let s = -5 + p. Suppose -s*y - r = -14, 15 = 3*y + 2*r + r. What are the prime factors of y?
3
Let x = -11 - -7. Let i be (2/x)/(2/(-76)). Suppose -61 = -5*w - h, -4*w + 62 = -5*h + i. What are the prime factors of w?
2, 3
Suppose -2*b + b + 48 = 0. List the prime factors of b.
2, 3
Let w(d) = -d**3 - 7*d**2 - 7*d - 1. Let g = 5 + -11. Let b be w(g). Let y = b + 0. List the prime factors of y.
5
Let x(w) = -w**3 + 5*w**2 + 2*w - 3. List the prime factors of x(4).
3, 7
Let y(z) be the first derivative of 2*z**2 - 4*z - 1/4*z**4 + z**3 - 1. List the prime factors of y(3).
2
Let x = 108 - -41. What are the prime factors of x?
149
Suppose 0 = 2*d - 51 + 11. Suppose 2*w = 7*w - d. What are the prime factors of w?
2
Let n = 40 - 25. Let m(p) = p**2 - 5*p - 6. Let r be m(6). Suppose -2*u + u + n = r. What are the prime factors of u?
3, 5
Suppose -2 = b + 2, m - 2*b - 67 = 0. What are the prime factors of m?
59
Let f = 190 - 55. What are the prime factors of f?
3, 5
List the prime factors of 0 + 98 + (-32)/8.
2, 47
Suppose -5*h - 3 = m, 2*h = -2*h - m - 3. Let l(v) = v**2 + h*v**2 - 1 - 3*v + 7*v. What are the prime factors of l(-6)?
11
Suppose -5*y = z - 17, z + 0*z + 19 = 4*y. Suppose -2*d - y = -3*d. Suppose 0 = d*o - o - 18. What are the prime factors of o?
2, 3
Let a(k) = k - 5. Let v be a(5). Let y = 4 + v. Suppose -i + y = i. What are the prime factors of i?
2
Let p(q) = -q**2 + 6*q + 11. Let l(c) = -c**2 + 6*c + 12. Let a(j) = 3*l(j) - 4*p(j). List the prime factors of a(8).
2
Suppose -b = -2*b + 2*u - 9, 0 = 4*b - 5*u + 30. Let z(p) = 9*p. Let t(m) = -5*m. Let h(w) = -7*t(w) - 4*z(w). List the prime factors of h(b).
5
Let v(k) = k**3 + 8*k**2 + 7*k + 10. Let p be v(-7). Suppose -5*c = -p*c. Suppose 2*f + 0*f - 3*l - 2 = c, 2*l = 2*f - 4. List the prime factors of f.
2
Let u be 1/4 + 30/8. Suppose 2*g - u*m + m - 23 = 0, -5*g + 4*m = -75. What are the prime factors of g?
19
What are the prime factors of -2 + -6*1*-2?
2, 5
List the prime factors of 196 - -8 - (-2 - 2).
2, 13
Let b(y) = -9*y**2 + 1 + 18*y**2 + 15*y**2 + 4*y**2. What are the prime factors of b(1)?
29
Suppose -2*p = -40 + 14. Let r = p - -8. What are the prime factors of r?
3, 7
Let a = 63 - 30. What are the prime factors of a?
3, 11
Let l(